 of 36?
False
Is 1350 a multiple of 45?
True
Is 982 a multiple of 15?
False
Is 3 a factor of 153?
True
Does 26 divide 6630?
True
Is 2459 a multiple of 12?
False
Is 41306 a multiple of 34?
False
Does 14 divide 1220?
False
Is 7 a factor of 15064?
True
Does 33 divide 3944?
False
Does 27 divide 135?
True
Is 13972 a multiple of 28?
True
Does 38 divide 68818?
True
Is 10 a factor of 513?
False
Is 684 a multiple of 14?
False
Does 27 divide 4131?
True
Is 9 a factor of 9774?
True
Does 3 divide 383?
False
Does 251 divide 17570?
True
Does 52 divide 44460?
True
Is 53 a factor of 2226?
True
Is 22 a factor of 3024?
False
Does 2 divide 344?
True
Is 3586 a multiple of 22?
True
Is 6716 a multiple of 92?
True
Is 667 a multiple of 3?
False
Does 96 divide 8664?
False
Is 15120 a multiple of 72?
True
Does 6 divide 318?
True
Is 9 a multiple of 4?
False
Does 295 divide 61950?
True
Is 2374 a multiple of 46?
False
Does 39 divide 6666?
False
Does 8 divide 701?
False
Is 884 a multiple of 23?
False
Is 99 a factor of 1188?
True
Is 8 a factor of 17002?
False
Is 13 a factor of 1027?
True
Is 54 a factor of 2268?
True
Does 8 divide 608?
True
Is 227 a multiple of 2?
False
Is 5904 a multiple of 246?
True
Is 1025 a multiple of 41?
True
Is 5846 even?
True
Is 12 a factor of 3389?
False
Is 1452 even?
True
Is 3204 a multiple of 11?
False
Does 17 divide 17131?
False
Does 8 divide 11288?
True
Does 178 divide 8010?
True
Is 1368 a multiple of 24?
True
Does 3 divide 354?
True
Is 42312 a multiple of 8?
True
Is 3 a factor of 13269?
True
Is 89 a factor of 34621?
True
Does 7 divide 168?
True
Does 43 divide 46526?
True
Is 37 a multiple of 3?
False
Does 151 divide 4681?
True
Does 4 divide 408?
True
Is 9 a factor of 81?
True
Does 20 divide 680?
True
Does 75 divide 7050?
True
Does 4 divide 136?
True
Does 24 divide 233?
False
Is 9 a factor of 3969?
True
Is 62 a multiple of 8?
False
Is 27 a factor of 1677?
False
Is 1016 a multiple of 8?
True
Does 2 divide 215?
False
Is 6944 a multiple of 5?
False
Is 1904 a multiple of 68?
True
Is 120 a factor of 2656?
False
Does 32 divide 97127?
False
Does 47 divide 35532?
True
Is 455 a multiple of 10?
False
Is 42 a factor of 39096?
False
Is 5 a factor of 650?
True
Is 1804 even?
True
Does 15 divide 180?
True
Is 420 a multiple of 70?
True
Is 1402 a multiple of 4?
False
Is 9 a factor of 198?
True
Does 136 divide 1904?
True
Is 9404 a multiple of 16?
False
Is 61 a factor of 3056?
False
Does 17 divide 756?
False
Does 20 divide 38700?
True
Does 70 divide 29470?
True
Does 18 divide 564?
False
Is 26644 a multiple of 115?
False
Is 142 even?
True
Is 2692 a multiple of 10?
False
Is 66 a factor of 319?
False
Is 93 a factor of 7905?
True
Does 17 divide 22916?
True
Is 40 a factor of 1843?
False
Is 136 a multiple of 10?
False
Is 13 a factor of 26819?
True
Is 6993 a multiple of 27?
True
Is 26787 a multiple of 92?
False
Is 83 a multiple of 43?
False
Does 3 divide 1671?
True
Is 68 a factor of 14212?
True
Is 1980 a multiple of 66?
True
Does 10 divide 61?
False
Is 28144 a multiple of 21?
False
Is 14 a factor of 66588?
False
Does 58 divide 1774?
False
Is 10 a factor of 1356?
False
Is 616 a multiple of 21?
False
Does 60 divide 2940?
True
Is 34 a factor of 2720?
True
Is 15 a factor of 1716?
False
Does 108 divide 756?
True
Is 4 a factor of 3208?
True
Is 5 a factor of 256?
False
Is 4 a factor of 100?
True
Is 58696 a multiple of 184?
True
Is 10 a factor of 360?
True
Is 2160 a multiple of 29?
False
Is 395 a multiple of 6?
False
Is 25 a factor of 148?
False
Does 46 divide 2104?
False
Is 363 a multiple of 33?
True
Is 29171 a multiple of 4?
False
Does 3 divide 41078?
False
Is 4 a factor of 180?
True
Is 10 a factor of 360?
True
Is 21 a factor of 14112?
True
Does 68 divide 10268?
True
Does 21 divide 6720?
True
Is 9 a factor of 856?
False
Does 9 divide 459?
True
Is 60 a multiple of 4?
True
Does 3 divide 674?
False
Is 88 a factor of 352?
True
Is 239 a multiple of 16?
False
Is 71 a factor of 560?
False
Does 5 divide 27?
False
Is 5 a factor of 420?
True
Is 978 a multiple of 25?
False
Is 1200 a multiple of 12?
True
Is 220 a multiple of 22?
True
Is 113 a factor of 7910?
True
Is 8 a factor of 1757?
False
Is 184 a multiple of 22?
False
Is 80 a factor of 4994?
False
Is 139 a factor of 2813?
False
Is 66 a factor of 15312?
True
Is 5981 a multiple of 10?
False
Is 37 a factor of 34596?
False
Does 123 divide 10272?
False
Is 56 a factor of 55263?
False
Is 5980 a multiple of 65?
True
Is 33 a multiple of 14?
False
Does 14 divide 196?
True
Is 602 a multiple of 7?
True
Is 845 even?
False
Is 11 a factor of 1369?
False
Is 13 a factor of 13207?
False
Is 11251 a multiple of 45?
False
Is 25 a factor of 1365?
False
Does 24 divide 10787?
False
Is 131 a factor of 71657?
True
Does 12 divide 12588?
True
Is 17695 a multiple of 5?
True
Does 10 divide 22820?
True
Is 306 a factor of 98705?
False
Is 92 a multiple of 4?
True
Is 737 a multiple of 67?
True
Does 71 divide 568?
True
Is 595 a multiple of 85?
True
Is 153 a multiple of 21?
False
Is 2 a factor of 1402?
True
Is 59 a factor of 236?
True
Is 611 a multiple of 12?
False
Is 13 a factor of 774?
False
Is 1638 a multiple of 91?
True
Is 48 a factor of 2640?
True
Is 17 a factor of 170?
True
Does 13 divide 13?
True
Is 15 a factor of 300?
True
Does 2 divide 2032?
True
Is 9 a factor of 729?
True
Does 17 divide 129?
False
Is 25646 a multiple of 140?
False
Is 20 a factor of 25700?
True
Is 2954 a multiple of 39?
False
Is 52080 a multiple of 14?
True
Does 70 divide 1426?
False
Does 8 divide 7070?
False
Is 33 a factor of 23133?
True
Is 93 a factor of 10881?
True
Does 8 divide 22021?
False
Is 47 a factor of 21045?
False
Does 47 divide 2209?
True
Is 29 a factor of 5800?
True
Is 3 a factor of 123?
True
Does 119 divide 23226?
False
Does 9 divide 14493?
False
Does 91 divide 18291?
True
Is 4 a factor of 3750?
False
Does 192 divide 3836?
False
Is 10743 a multiple of 8?
False
Is 122 a factor of 15186?
False
Is 100250 a multiple of 50?
True
Is 83 a factor of 89889?
True
Does 114 divide 93521?
False
Does 17 divide 7554?
False
Is 16 a factor of 672?
True
Is 5 a factor of 557?
False
Is 2 a factor of 3728?
True
Is 11597 a multiple of 99?
False
Is 8976 a multiple of 22?
True
Is 126 a factor of 47731?
False
Does 17 divide 9921?
False
Is 2416 a multiple of 20?
False
Is 9684 a multiple of 36?
True
Does 41 divide 1990?
False
Does 24 divide 3624?
True
Does 56 divide 4760?
True
Is 918 a multiple of 17?
True
Does 20 divide 43593?
False
Is 1200 a multiple of 15?
True
Is 54708 a multiple of 12?
True
Is 1244 a multiple of 4?
True
Is 30038 a multiple of 6?
False
Does 17 divide 30?
False
Is 197 a multiple of 5?
False
Is 12 a factor of 99576?
True
Is 1937 a multiple of 3?
False
Does 6 divide 165?
False
Is 38 a factor of 4125?
False
Does 12 divide 157?
False
Does 33 divide 495?
True
Is 41 a factor of 12587?
True
Is 13 a factor of 13650?
True
Is 5225 a multiple of 72?
False
Does 11 divide 264?
True
Does 77 divide 539?
True
Is 67 a factor of 4757?
True
Is 2002 a multiple of 13?
True
Is 3 even?
False
Is 351 a multiple of 11?
False
Is 19 a factor of 24?
False
Is 8 a factor of 15952?
True
Is 53 a factor of 53?
True
Is 8120 a multiple of 56?
True
Does 38 divide 1033?
False
Is 203 a factor of 812?
True
Does 35 divide 2065?
True
Is 174 a multiple of 58?
True
Does 24 divide 88?
False
Is 19193 a multiple of 12?
False
Does 18 divide 58968?
True
Is 48 even?
True
Is 9482 a multiple of 74?
False
Is 10211 a multiple of 23?
False
Is 6294 a multiple of 150?
False
Does 63 divide 1197?
True
Is 81 a multiple of 3?
True
Does 17 divide 561?
True
Does 5 divide 1163?
False
Does 11 divide 12832?
False
Is 17 a factor of 135?
False
Is 60 a factor of 180?
True
Is 309 a multiple of 103?
True
Is 7 a factor of 366?
False
Is 22 a factor of 4461?
False
Is 8 a factor of 1376?
True
Does 34 divide 1350?
False
Is 259 a factor of 44615?
False
Does 34 divide 144?
False
Is 4 a factor of 608?
True
Is 39 a factor of 1026?
False
Does 20 divide 260?
True
Is 9456 a multiple of 12?
True
Is 592 a multiple of 8?
True
Is 234 a multiple of 78?
True
Does 10 divide 2823?
False
Is 18 a factor of 3788?
False
Is 2285 a multiple of 5?
True
Is 2 a factor of 84?
True
Is 89 a multiple of 2?
False
Is 5 a factor of 22089?
False
Is 162 a multiple of 6?
True
Does 12 divide 21